of s(d).
2, 3
Suppose 2*c - o = 5 - 0, 3*c + 3*o = -6. List the prime factors of (6/10)/(c/25).
3, 5
Let v(j) = 2*j - 9. Let o be v(7). Suppose 16 = -2*z - 2*n, o*n = z - 2*z + 4. Let b = z + 18. What are the prime factors of b?
7
Let h be (-14)/77 + 48/22. Suppose 3*l = -h*l + 25. What are the prime factors of l?
5
Suppose 11*t = 10*t + 81. What are the prime factors of t?
3
Suppose 0 = 5*c - s - 35, 1 - 9 = 2*c + 4*s. Let r(z) be the third derivative of z**4/12 - 5*z**3/6 + 2*z**2. What are the prime factors of r(c)?
7
Let u = 3 + 1. List the prime factors of 2/u*(12 + 0).
2, 3
Suppose o = -3*b + 4*o + 24, -5*b - 10 = 5*o. Suppose -b*c - 14 = -4*c. What are the prime factors of c?
2, 7
Let d be -6*(-20)/12*-2. Let n = d - -25. What are the prime factors of n?
5
Let z(t) = t**3 + 4*t**2 + 4*t + 2. Let d be z(-2). Suppose d*l + 2*l - 28 = 0. What are the prime factors of l?
7
Let q(n) = -2*n. Suppose o - 2 = t, -4*o = 2*t - 3 + 13. Let z be q(o). Suppose -z*h - 3*h = 10, 0 = a + h - 4. What are the prime factors of a?
2, 3
Suppose 5*l - 5 = -2*n, 3*n + 4*l - 6 = n. Suppose -n*v = 37 - 137. List the prime factors of v.
2, 5
Let w(a) = -a**2 + 10*a - 7. Suppose 2*g = -2*i - 2*i + 38, -4*i - 7 = -3*g. What are the prime factors of w(g)?
2
Let g = -5 - -7. Suppose y - 66 = -g*y. What are the prime factors of y?
2, 11
Suppose d = -2*r + 117, d - 97 = -2*r - 4*d. What are the prime factors of r?
61
Let y = -57 + 112. Suppose 11*j - y = 10*j. What are the prime factors of j?
5, 11
Let c(z) = 2*z**3 + 9*z**2 - 4*z + 6. Let g be c(-5). What are the prime factors of -41*g/2*-2?
41
Let c(a) = -a**3 - 4*a**2 - 2*a + 3. Let u be c(-3). Suppose u*r = r - 4. List the prime factors of 1 + r - 0/(-4).
5
Let f(p) = p + 2. Let q be f(-5). Let v = 5 + q. List the prime factors of v.
2
Let t(r) = r**2 + 2*r. Let v be t(-2). Suppose v = -z - 3*i + 14, -4*z + 22 = 4*i - 18. Suppose -d - 3*d = -z. What are the prime factors of d?
2
List the prime factors of 2 - ((-2)/(-7) + (-2274)/21).
2, 5, 11
Suppose 4*d - 4*h = -0*d - 12, -4*h + 12 = 0. Suppose 0 = -6*f + 3*f - 4*o + 84, 3*f - 2*o - 102 = d. List the prime factors of f.
2
Suppose 0 = u + z, -4*z + 20 = -4*u + 3*u. Let y = 23 - u. What are the prime factors of y?
3
Suppose -25 = 4*w - 3*w. Let h(l) = l**2 + l + 35. Let x be h(0). Let t = w + x. What are the prime factors of t?
2, 5
Let j = -3 + 5. Let r = -1 - j. List the prime factors of -2*r/(-15)*-15.
2, 3
Let y(c) = -c**2 + 6*c + 6. Let m be y(8). What are the prime factors of (-4)/m - 931/(-35)?
3
Let c be 5 - (2 + 0 + 0). Suppose c*d = x - 18, 0 = -7*x + 2*x + d + 34. List the prime factors of x.
2, 3
Let v = -37 - -73. Suppose -5*u + 28 = -2*a - 0*u, -5*a + 4*u - v = 0. What are the prime factors of (a/10)/((-3)/45)?
2, 3
Suppose 2*v - 4*o = 18, -3*v + o - 1 + 18 = 0. Let u(w) = 2*w**2 - 5*w - 2. What are the prime factors of u(v)?
23
Suppose y = w - 2*w, 0 = -5*y + w + 12. Suppose -7 - 3 = -h. Suppose -y*q = -q - h. List the prime factors of q.
2, 5
Let l(v) = 14*v - 1. List the prime factors of l(3).
41
Let d(f) = -4*f**3 - 2*f**2 - 2*f - 3. Suppose -b - b = 4. List the prime factors of d(b).
5
Suppose 0*g + 72 = 3*g. What are the prime factors of g?
2, 3
Suppose 72 = -0*n - 3*n. Let o = n + 13. What are the prime factors of o/(-4) - 1/(-4)?
3
Suppose 0*u - 2*u + 7 = 5*j, j = -3*u - 9. Suppose j*l - 65 = -2*l. What are the prime factors of l?
13
Let x = -33 - -23. Let u(l) = l**2 + 11*l + 14. List the prime factors of u(x).
2
Let o(a) be the first derivative of a**4/4 + 5*a**3/3 + a**2 + 2*a - 4. What are the prime factors of o(-2)?
2, 5
Let w(j) = 13*j**2 + 8*j**2 + 0*j - 4*j + 5*j. What are the prime factors of w(-1)?
2, 5
Let g(m) = -12*m. Let c = 13 - 17. List the prime factors of g(c).
2, 3
Let h(r) = -3*r - 4. Let i = -3 - 2. List the prime factors of h(i).
11
Let y be -2*(-2)/(-4) - -3. Suppose -w + 0*w + y = 0. List the prime factors of w.
2
Let i(f) be the second derivative of f**4/3 - f**3/3 - f**2/2 + f. Let s = -3 - -5. What are the prime factors of i(s)?
11
Let q(x) = -x**2 - 8*x - 9. Let j be q(-6). Suppose 16 = 4*f + d, -d = -3*f + 2*d - 3. Let h = j + f. List the prime factors of h.
2, 3
Let u(p) = -p**3 - 6*p**2 + 9*p + 3. Let a be u(-7). Let g = a - -19. What are the prime factors of g?
2
Let i(g) = 7*g**2 + 3*g + 1. Suppose 0*b = -3*b + 24. Let h be 6/(-15) - b/5. List the prime factors of i(h).
23
Suppose -4*s = -68 - 8. List the prime factors of s.
19
Suppose 2*z + 0 = -2*y + 2, y + 2 = -2*z. Let a = 11 - z. What are the prime factors of a?
2, 7
Suppose 0 = -4*c + 108 + 200. What are the prime factors of c?
7, 11
Let v = -22 + 29. List the prime factors of v.
7
Let d(u) = -6 - u**2 - 2 - 3 + 13*u. Let a = 10 + 1. What are the prime factors of d(a)?
11
Let j(z) = -10*z - 14. Let g be j(-10). List the prime factors of (-3)/15 + g/5.
17
Let r(j) be the second derivative of -j**5/20 + j**4/4 - j**3/6 + j**2 - 2*j. Let l be r(3). List the prime factors of (2 - 4)*2/l.
2
Let n(s) be the third derivative of s**6/120 - s**5/12 + s**4/6 - 5*s**3/6 - 4*s**2. List the prime factors of n(5).
3, 5
Let n(d) = 2 + 0*d**2 + d + 5*d + d**2. Let f be n(-6). Suppose 5*q + 5 = -3*m - 0*q, 2*m - f*q = 18. List the prime factors of m.
5
Let x = -3 - -18. Suppose -b - 2*q + 27 = 0, 4*b = -q + 4*q + 119. Let t = b - x. List the prime factors of t.
2, 7
Let h = -8 - -12. Suppose 0 = -4*c - 12, l - h*l = 3*c. What are the prime factors of l?
3
Let f(g) = -2*g + 7. Let d be f(-7). Suppose y = 2*y - d. List the prime factors of y.
3, 7
Let t(w) = 6*w**3 + 2*w**2 + w. Let f be t(-1). List the prime factors of (f/(-4))/(2/32).
2, 5
Let z be -6*((-27)/(-6))/3. What are the prime factors of (z/(-12))/(2/8)?
3
Let n(c) = -c**3 + 6*c**2 + 9*c + 9. Let y = -16 + 23. What are the prime factors of n(y)?
23
Let u be 3/2*(-304)/(-24). Suppose 32 = 2*s - 5*q, -3*q = -4*s + 45 + u. List the prime factors of s.
2
Let x = 4 - 7. Let p be ((-9)/x - 6)/(-1). Suppose -p*w = -6 - 9. What are the prime factors of w?
5
Let q be (1 - 3) + 2 - -7. Suppose 4*r - 2*c - 42 = 0, q*r = 3*r + 4*c + 40. Let o = r + 4. List the prime factors of o.
3, 5
List the prime factors of 6 + -2 + 118 + -3.
7, 17
Let z(j) = -j**4 + j - 6. Let x(a) = a**4 - 3*a + 13. Let f(q) = 2*x(q) + 5*z(q). Let w(g) be the first derivative of f(g). What are the prime factors of w(-1)?
11
Suppose -u = -4*u. Let l be (-4)/(-10) - (-146)/10. Suppose u = y - l + 4. List the prime factors of y.
11
Suppose -14 = z + 3. Let d = z - -76. What are the prime factors of d?
59
List the prime factors of (1 + 1)*66/12.
11
Suppose 18 + 14 = 2*w. What are the prime factors of w?
2
Suppose -5*y - 12 + 2 = 0. Let s = -4 + y. Let m(n) = -n + 5. What are the prime factors of m(s)?
11
Suppose 0 = h - 2*z - 0*z - 40, 3*z - 102 = -3*h. What are the prime factors of h?
2, 3
Let x(b) = -2*b + 5. Let g = 4 + -8. List the prime factors of x(g).
13
Suppose 0 + 2 = m. Suppose o = -4*h - 31 - 93, -2*h = -m*o + 72. Let z = -18 - h. What are the prime factors of z?
2, 7
Let s(j) = 60*j**2 + 3. Let g(i) = -40*i**2 - 2. Let r(l) = -8*g(l) - 5*s(l). What are the prime factors of r(1)?
3, 7
Let u be 8*(-2)/8*3. Let w be (u/12)/((-1)/2). Suppose -4*g + 2*x = -w - 23, 5*x = -g + 6. What are the prime factors of g?
2, 3
Suppose -2*g = -0*g - 4. Suppose -g*o + 4*a - 8 = 4, -4*a = -5*o. List the prime factors of o.
2
Let y(z) = -z**2 + 5*z. Let m be y(5). Suppose i + 3*i - 72 = m. What are the prime factors of i?
2, 3
Suppose t - 4*t - 3 = 0. List the prime factors of (-1)/t*(-1 - -14).
13
Suppose -4*d + 15 + 0 = o, d - 2*o = 6. Suppose 5*k - 9 = -5*w + 111, k + 86 = d*w. List the prime factors of w.
2, 11
Let m(h) = h**3 - 6*h**2 + 6*h - 1. Let z be m(5). Let d = z + 3. List the prime factors of d.
7
Let s = 4 + 7. What are the prime factors of s?
11
Let u(t) = t**3 + t**2 + t + 2. Let b be u(2). Let x be (-2)/8 - (-52)/b. List the prime factors of (2 - (0 + 2)) + x.
3
Let h(l) = l - 1. Suppose 0 = -5*d + 13 + 2. Let m be h(d). Suppose 4*f - 3*q - 57 = m*q, -5*q = 5*f - 15. List the prime factors of f.
2
Let f(b) = 4*b**2 - 3*b + 5. Let v be f(4). Suppose -4*d + 17 = v. Let o = d + 14. List the prime factors of o.
2
Let y(c) = -c**3 - c**2 - 2*c - 1. 